ndreds digit of 1673?
6
What is the tens digit of 53?
5
What is the hundreds digit of 23543?
5
What is the units digit of 977?
7
What is the ten thousands digit of 21147?
2
What is the units digit of 1486?
6
What is the tens digit of 678?
7
What is the hundreds digit of 38950?
9
What is the hundreds digit of 1092?
0
What is the hundreds digit of 91904?
9
What is the units digit of 2481?
1
What is the thousands digit of 88417?
8
What is the hundreds digit of 13236?
2
What is the units digit of 15648?
8
What is the units digit of 3636?
6
What is the thousands digit of 8623?
8
What is the units digit of 565?
5
What is the units digit of 38812?
2
What is the units digit of 10636?
6
What is the hundreds digit of 1955?
9
What is the hundreds digit of 1286?
2
What is the tens digit of 5676?
7
What is the units digit of 1536?
6
What is the thousands digit of 1712?
1
What is the thousands digit of 12464?
2
What is the units digit of 2651?
1
What is the thousands digit of 43436?
3
What is the tens digit of 241?
4
What is the hundreds digit of 8601?
6
What is the units digit of 2098?
8
What is the units digit of 19341?
1
What is the units digit of 3592?
2
What is the thousands digit of 30285?
0
What is the tens digit of 11415?
1
What is the tens digit of 1389?
8
What is the ten thousands digit of 11373?
1
What is the units digit of 25681?
1
What is the thousands digit of 60825?
0
What is the thousands digit of 43626?
3
What is the tens digit of 143649?
4
What is the units digit of 1116?
6
What is the units digit of 20662?
2
What is the thousands digit of 1267?
1
What is the thousands digit of 7657?
7
What is the tens digit of 14068?
6
What is the units digit of 160245?
5
What is the hundreds digit of 16533?
5
What is the thousands digit of 6892?
6
What is the ten thousands digit of 15497?
1
What is the units digit of 982?
2
What is the tens digit of 42842?
4
What is the hundreds digit of 145?
1
What is the hundreds digit of 962?
9
What is the hundreds digit of 72584?
5
What is the thousands digit of 4781?
4
What is the units digit of 1411?
1
What is the thousands digit of 1163?
1
What is the tens digit of 16759?
5
What is the hundreds digit of 2038?
0
What is the hundreds digit of 1227?
2
What is the hundreds digit of 15311?
3
What is the units digit of 77458?
8
What is the hundreds digit of 23642?
6
What is the thousands digit of 44908?
4
What is the units digit of 137018?
8
What is the hundreds digit of 405?
4
What is the units digit of 181?
1
What is the tens digit of 1009?
0
What is the units digit of 8658?
8
What is the tens digit of 9932?
3
What is the hundreds digit of 443?
4
What is the hundreds digit of 6495?
4
What is the units digit of 744?
4
What is the hundreds digit of 2157?
1
What is the hundreds digit of 668?
6
What is the thousands digit of 26311?
6
What is the units digit of 32694?
4
What is the hundreds digit of 7279?
2
What is the tens digit of 3765?
6
What is the units digit of 671?
1
What is the hundred thousands digit of 173832?
1
What is the hundreds digit of 93058?
0
What is the hundreds digit of 100734?
7
What is the tens digit of 1815?
1
What is the units digit of 590?
0
What is the thousands digit of 2389?
2
What is the hundreds digit of 1931?
9
What is the thousands digit of 1771?
1
What is the tens digit of 32024?
2
What is the hundreds digit of 7765?
7
What is the thousands digit of 2782?
2
What is the tens digit of 4591?
9
What is the tens digit of 551?
5
What is the hundreds digit of 15577?
5
What is the units digit of 654?
4
What is the tens digit of 4099?
9
What is the tens digit of 5772?
7
What is the hundreds digit of 1216?
2
What is the thousands digit of 14396?
4
What is the units digit of 9789?
9
What is the units digit of 1637?
7
What is the tens digit of 1322?
2
What is the hundreds digit of 46343?
3
What is the hundreds digit of 2394?
3
What is the tens digit of 3788?
8
What is the tens digit of 802?
0
What is the hundreds digit of 439?
4
What is the tens digit of 6289?
8
What is the tens digit of 37?
3
What is the units digit of 4803?
3
What is the thousands digit of 2595?
2
What is the ten thousands digit of 167566?
6
What is the hundreds digit of 24385?
3
What is the tens digit of 2513?
1
What is the thousands digit of 3448?
3
What is the ten thousands digit of 13761?
1
What is the hundreds digit of 584?
5
What is the tens digit of 557?
5
What is the ten thousands digit of 12217?
1
What is the tens digit of 2112?
1
What is the thousands digit of 16817?
6
What is the units digit of 76?
6
What is the units digit of 970?
0
What is the thousands digit of 7365?
7
What is the hundreds digit of 8049?
0
What is the thousands digit of 114887?
4
What is the hundreds digit of 226?
2
What is the hundreds digit of 1995?
9
What is the thousands digit of 4624?
4
What is the hundreds digit of 3874?
8
What is the tens digit of 1369?
6
What is the thousands digit of 31493?
1
What is the tens digit of 136806?
0
What is the hundreds digit of 20128?
1
What is the hundreds digit of 1322?
3
What is the tens digit of 301?
0
What is the units digit of 1171?
1
What is the thousands digit of 10435?
0
What is the tens digit of 7994?
9
What is the tens digit of 21941?
4
What is the hundreds digit of 2158?
1
What is the units digit of 1148?
8
What is the thousands digit of 22152?
2
What is the tens digit of 3030?
3
What is the hundreds digit of 875?
8
What is the hundreds digit of 6957?
9
What is the hundreds digit of 1245?
2
What is the thousands digit of 2641?
2
What is the tens digit of 634?
3
What is the thousands digit of 39120?
9
What is the thousands digit of 6365?
6
What is the tens digit of 5767?
6
What is the units digit of 3521?
1
What is the hundreds digit of 11429?
4
What is the units digit of 1599?
9
What is the tens digit of 19261?
6
What is the hundreds digit of 33366?
3
What is the hundreds digit of 221?
2
What is the tens digit of 14156?
5
What is the tens digit of 10927?
2
What is the hundreds digit of 6436?
4
What is the tens digit of 7975?
7
What is the hundreds digit of 32764?
7
What is the thousands digit of 2257?
2
What is the units digit of 64?
4
What is the hundreds digit of 7052?
0
What is the hundreds digit of 4599?
5
What is the units digit of 6994?
4
What is the tens digit of 2375?
7
What is the thousands digit of 2323?
2
What is the units digit of 83764?
4
What is the hundreds digit of 907?
9
What is the hundreds digit of 973?
9
What is the hundreds digit of 767?
7
What is the units digit of 917?
7
What is the tens digit of 28725?
2
What is the tens digit of 2217?
1
What is the tens digit of 1071?
7
What is the hundreds digit of 933?
9
What is the units digit of 4057?
7
What is the hundreds digit of 274?
2
What is the units digit of 59562?
2
What is the hundreds digit of 24055?
0
What is the hundreds digit of 8600?
6
What is the tens digit of 1712?
1
What is the tens digit of 10107?
0
What is the thousands digit of 15303?
5
What is the thousands digit of 30058?
0
What is the tens digit of 203?
0
What is the ten thousands digit of 13003?
1
What is the units digit of 73165?
5
What is the tens digit of 75379?
7
What is the thousands digit of 67479?
7
What is the units digit of 85031?
1
What is the thousands digit of 33381?
3
What is the units digit of 316?
6
What is the tens digit of 1289?
8
What is the tens digit of 2382?
8
What is the thousands digit of 1923?
1
What is the units digit of 779?
9
What is the hundreds digit of 4690?
6
What is the units digit of 11993?
3
What is the tens digit of 873?
7
What is the tens digit of 2705?
0
What is the hundreds digit of 88965?
9
What is the thousands digit of 2635?
2
What is the hundreds digit of 18540?
5
What is the units digit of 733?
3
What is the thousands digit of 1241?
1
What is the hundreds digit of 17945?
9
What is the ten thousands digit of 81340?
8
What is the tens digit of 179501?
0
What is the hundred thousands digit of 173210?
1
What is the thousands digit of 46792?
6
What is the units digit of 108499?
9
What is the tens digit of 4308?
0
What is the tens digit of 28068?
6
What is the tens digit of 54928?
2
What is the tens digit of 15080?
8
What is the hundreds digit of 63613?
6
What is the tens digit of 11821?
2
What is the units digit of 11786?
6
